{"id":438,"date":"2017-06-21T10:29:40","date_gmt":"2017-06-21T08:29:40","guid":{"rendered":"https:\/\/tlc.futuretouch.it\/?page_id=438"},"modified":"2020-03-16T14:34:59","modified_gmt":"2020-03-16T13:34:59","slug":"info-e-supporto-clienti","status":"publish","type":"page","link":"https:\/\/tlc.futuretouch.it\/?page_id=438","title":{"rendered":"Info e Supporto Clienti"},"content":{"rendered":"<p><!--more--><\/p>\n<h3><strong>Assistenza e Supporto Cliente 24\/7\/365<br \/>\n<\/strong><\/h3>\n<p>Supporto ed assistenza tecnica 24 ore su 24 e 7 giorni su 7 direttamente dal Personale Tecnico di Future Touch<br \/>\nLa segnalazione dei Trouble Ticket avviene sul Portale Future Touch, (URL: <a href=\"http:\/\/www.futuretouch.it\">www.futuretouch.it<\/a>)<br \/>\ndisponibile per la ricezione delle segnalazioni H\/24.<br \/>\nSolo nel caso in cui il cliente riscontri problemi sul Portale (es. indisponibilit\u00e0 momentanea) la modalit\u00e0 alternativa di segnalazione guasti prevede la possibilit\u00e0 di inviare via mail o di chiamare il numero telefonico ai punti di contatto dedicati ( <a href=\"mailto:servizioclienti@futuretouch.it\">servizioclienti@futuretouch.it<\/a> \/ +39 06.91511122)<\/p>\n<p>Il Customer Care Future Touch \u00e8 operativo dal luned\u00ec al venerd\u00ec (escluso i festivi) dalle ore 9:00 alle ore 18:00.<\/p>\n<h3><strong>Service Level Agreement<\/strong><\/h3>\n<p class=\"intro\">Il Service Level Agreement o pi\u00f9 comunemente SLA \u00e8 il documento che regola il rapporto fra Future Touch e il cliente finale al fine di tutelare i diritti e di stabilire i doveri di entrambi. La disponibilit\u00e0 per il Cliente di uno SLA, pur non costituendo quest&#8217;ultimo un documento di validit\u00e0 legale, \u00e8 indice di una politica trasparente di Future Touch nell&#8217;offerta dei propri servizi.<\/p>\n<p class=\"intro\">Documento SLA_Connettivit\u00e0 2017 &#8220;Service Level Agreement&#8221; (sar\u00e0 rilasciato in fase contrattuale)<\/p>\n<h3><strong>Codice Migrazione<\/strong><\/h3>\n<p>Codice di migrazione e\u2019 un codice alfanumerico di trasferimento dall\u2019utenza e viene fornito dall\u2019Operatore donating al cliente. Il codice di migrazione, che e\u2019\u00a0 fornito all\u2019operatore recipient affinch\u00e9 questo possa avviare la procedura di migrazione per trasferire la propria utenza telefonica e\/o servizio ADSL, \u00e8 costituito da una sequenza alfanumerica che individua l\u2019operatore donating, la risorsa di rete da questi utilizzata, ed il tipo di servizio di rete acquisito.<\/p>\n<p class=\"bold\">\u00a0Codice Segreto<\/p>\n<p>Il codice segreto \u00e8 presente all\u2019interno del codice di trasferimento dell\u2019utenza (codice migrazione).\u00a0Il codice segreto del cliente viene comunicato al recipient all\u2019atto della comunicazione del codice di trasferimento dell\u2019utenza in modo completamente\u00a0trasparente per il cliente e senza alcun ulteriore onere per lo stesso.\u00a0Terminato il passaggio del cliente, questi ricever\u00e0 dal suo nuovo operatore (ex recipient) un nuovo codice di trasferimento dell\u2019utenza (con un nuovo codice\u00a0segreto) utilizzabile dal cliente per i successive passaggi verso altri operatori.<\/p>\n<h4>\u00a0Il codice di migrazione e&#8217; comunicato\u00a0dall\u2019operatore al cliente:<\/h4>\n<ul class=\"blue\">\n<li>Nella fattura periodica<\/li>\n<li>Nell\u2019area web dell\u2019operatore riservata al cliente<\/li>\n<li>In tempo reale chiamando il call center o il risponditore automatico dell\u2019Operatore Donating.<\/li>\n<\/ul>\n<h3><strong>Registro Opposizioni<\/strong><\/h3>\n<p class=\"intro\" align=\"justify\">L\u2019autorit\u00e0 con le delibere delibere<a href=\"http:\/\/www.agcom.it\/documentazione\/documento?p_p_auth=fLw7zRht&amp;p_p_id=101_INSTANCE_kidx9GUnIodu&amp;p_p_lifecycle=0&amp;p_p_col_id=column-1&amp;p_p_col_count=1&amp;_101_INSTANCE_kidx9GUnIodu_struts_action=%2Fasset_publisher%2Fview_content&amp;_101_INSTANCE_kidx9GUnIodu_assetEntryId=841150&amp;_101_INSTANCE_kidx9GUnIodu_type=document\" target=\"_blank\" rel=\"noopener noreferrer\"><span class=\"bold\"> AGCOM 36\/02\/CONS e 180\/02\/CONS<\/span><\/a> ha stabilito le norme per la costituzione della<strong><span class=\"bold\">\u00a0base unica dei dati per la fornitura del servizio di elenco telefonico generale<\/span><\/strong>, attuando cos\u00ec le prescrizioni del Codice delle comunicazioni che demanda all\u2019Autorit\u00e0 di provvedere affinch\u00e9 sia rispettato il diritto degli utenti dei servizi telefonici accessibili al pubblico ad essere inseriti nell\u2019elenco.<\/p>\n<p class=\"intro\" align=\"justify\">\u00a0Successivamente, con la<a href=\"http:\/\/www.agcom.it\/documentazione\/documento?p_p_auth=fLw7zRht&amp;p_p_id=101_INSTANCE_kidx9GUnIodu&amp;p_p_lifecycle=0&amp;p_p_col_id=column-1&amp;p_p_col_count=1&amp;_101_INSTANCE_kidx9GUnIodu_struts_action=%2Fasset_publisher%2Fview_content&amp;_101_INSTANCE_kidx9GUnIodu_assetEntryId=766090&amp;_101_INSTANCE_kidx9GUnIodu_type=document\" target=\"_blank\" rel=\"noopener noreferrer\"><span class=\"bold\"> delibera n. 11\/06\/CIR<\/span><\/a> L\u2019autorit\u00e0 ha esteso agli operatori che forniscono servizi vocali nomadici l\u2019obbligo di contribuire alla base unica dei dati di cui alle delibere in oggetto.<\/p>\n<p class=\"intro\" align=\"justify\">\u00a0<strong><span class=\"bold\"><a href=\"http:\/\/www.registrodelleopposizioni.it\/\" target=\"_blank\" rel=\"noopener noreferrer\">Il Registro Pubblico delle Opposizioni<\/a><\/span>\u00a0<\/strong>\u00e8 un nuovo servizio concepito a tutela del cittadino, il cui numero \u00e8 presente negli elenchi telefonici pubblici, che decide di non voler pi\u00f9 ricevere telefonate per scopi commerciali o di ricerche di mercato e, in pari tempo, \u00e8 uno strumento per rendere pi\u00f9 competitivo, dinamico e trasparente il mercato tra gli Operatori di marketing telefonico.<\/p>\n<div class=\"two_third lastcolumn\">\n<div class=\"two_third lastcolumn\">\n<h5>Per l\u2019iscrizione al registro pu\u00f2 consultare il sito: <strong><span class=\"bold\"><a href=\"http:\/\/www.registrodelleopposizioni.it\/\" target=\"_blank\" rel=\"noopener noreferrer\">www.registrodelleopposizioni.it<\/a><\/span><\/strong><\/h5>\n<h5><\/h5>\n<div class=\"divide20\"><\/div>\n<\/div>\n<\/div>\n","protected":false},"excerpt":{"rendered":"","protected":false},"author":1,"featured_media":442,"parent":0,"menu_order":0,"comment_status":"closed","ping_status":"closed","template":"","meta":{"footnotes":""},"class_list":["post-438","page","type-page","status-publish","has-post-thumbnail","hentry"],"_links":{"self":[{"href":"https:\/\/tlc.futuretouch.it\/index.php?rest_route=\/wp\/v2\/pages\/438","targetHints":{"allow":["GET"]}}],"collection":[{"href":"https:\/\/tlc.futuretouch.it\/index.php?rest_route=\/wp\/v2\/pages"}],"about":[{"href":"https:\/\/tlc.futuretouch.it\/index.php?rest_route=\/wp\/v2\/types\/page"}],"author":[{"embeddable":true,"href":"https:\/\/tlc.futuretouch.it\/index.php?rest_route=\/wp\/v2\/users\/1"}],"replies":[{"embeddable":true,"href":"https:\/\/tlc.futuretouch.it\/index.php?rest_route=%2Fwp%2Fv2%2Fcomments&post=438"}],"version-history":[{"count":15,"href":"https:\/\/tlc.futuretouch.it\/index.php?rest_route=\/wp\/v2\/pages\/438\/revisions"}],"predecessor-version":[{"id":575,"href":"https:\/\/tlc.futuretouch.it\/index.php?rest_route=\/wp\/v2\/pages\/438\/revisions\/575"}],"wp:featuredmedia":[{"embeddable":true,"href":"https:\/\/tlc.futuretouch.it\/index.php?rest_route=\/wp\/v2\/media\/442"}],"wp:attachment":[{"href":"https:\/\/tlc.futuretouch.it\/index.php?rest_route=%2Fwp%2Fv2%2Fmedia&parent=438"}],"curies":[{"name":"wp","href":"https:\/\/api.w.org\/{rel}","templated":true}]}}