{"id":516,"date":"2018-05-25T11:00:29","date_gmt":"2018-05-25T09:00:29","guid":{"rendered":"https:\/\/tlc.futuretouch.it\/?page_id=516"},"modified":"2018-05-25T12:01:53","modified_gmt":"2018-05-25T10:01:53","slug":"vstorage","status":"publish","type":"page","link":"https:\/\/tlc.futuretouch.it\/?page_id=516","title":{"rendered":"vStorage"},"content":{"rendered":"<p>La soluzione Object Storage di FT permette di gestire spazio in cloud per archiviare e condividere i dati aziendali. Il servizio si basa su infrastruttura dedicata di classe enterprise, grazie alla partnership con aziende leader di settore.<\/p>\n<p>Il sistema \u00e8 pienamente compatibile col protocollo S3 e pu\u00f2 essere sfruttato da tutte le applicazioni che lo supportano.<\/p>\n<p>Questo permette di adottare il servizio di Object Storage FT con estrema semplicit\u00e0, anche in caso di migrazione da qualsiasi provider si storage S3.<\/p>\n<ul>\n<li>Sicurezza: accesso riservato tramite Account ID e Application Key. I dati, custoditi nei DataCenter FT su territorio Italiano, sono criptati con algoritmo AES-256 e sono facilmente accessibili in qualsiasi momento. Il trasferimento dei dati avviene unicamente in HTTPS.<\/li>\n<li>Condivisione: gli utenti possono utilizzare lo spazio, condividere dati, file o documenti da qualsiasi dispositivo.<\/li>\n<li>Compatibilit\u00e0: il servizio \u00e8 compatibile con tutti i software che implementano lo standard S3.<\/li>\n<li>Semplicit\u00e0: l\u2019Object Storage FT mette a disposizione il protocollo S3 che \u00e8 uno standard condiviso, semplificando al massimo le operazioni sui dati.<\/li>\n<li>Scalabilit\u00e0: il sistema consente di ridimensionare lo spazio in base alle esigenze del Cliente.<\/li>\n<li><strong>Multi Site: il sistema prevede la possibilit\u00e0 di salvare automaticamente lo stesso dato in pi\u00f9 siti quindi avere una maggiore sicurezza dei dati disclocati geograficamente. Nel listino \u00e8 <\/strong><strong>identificato come servizio \u201cMultiSite\u201d invece \u201cSite\u201d unico deposito senza replica geografica. Funzione in Business Continuty.<\/strong><\/li>\n<\/ul>\n<p><strong>Il servizio viene rinnovato mensilmente con contratto annuale.<\/strong><\/p>\n<p>&nbsp;<\/p>\n<p style=\"text-align: center;\"><a style=\"color: #fff; text-decoration: none; background-color: #f00; padding: 10px;\" href=\"http:\/\/shop.futuretouch.it\/articoli\/64-vstorage-site\">Acquista il servizio vStorage<\/a><\/p>\n<p>&nbsp;<\/p>\n<p style=\"text-align: center;\"><a style=\"color: #fff; text-decoration: none; background-color: #f00; padding: 10px; margin-top: 20px;\" href=\"http:\/\/shop.futuretouch.it\/articoli\/65-vstorage-multisite\">Acquista il servizio vStorage Multisite<\/a><\/p>\n","protected":false},"excerpt":{"rendered":"<p>La soluzione Object Storage di FT permette di gestire spazio in cloud per archiviare e condividere i dati aziendali. Il servizio si basa su infrastruttura dedicata di classe enterprise, grazie alla partnership con aziende leader di settore. Il sistema \u00e8<\/p>\n","protected":false},"author":1,"featured_media":0,"parent":0,"menu_order":0,"comment_status":"closed","ping_status":"closed","template":"","meta":{"footnotes":""},"class_list":["post-516","page","type-page","status-publish","hentry"],"_links":{"self":[{"href":"https:\/\/tlc.futuretouch.it\/index.php?rest_route=\/wp\/v2\/pages\/516","targetHints":{"allow":["GET"]}}],"collection":[{"href":"https:\/\/tlc.futuretouch.it\/index.php?rest_route=\/wp\/v2\/pages"}],"about":[{"href":"https:\/\/tlc.futuretouch.it\/index.php?rest_route=\/wp\/v2\/types\/page"}],"author":[{"embeddable":true,"href":"https:\/\/tlc.futuretouch.it\/index.php?rest_route=\/wp\/v2\/users\/1"}],"replies":[{"embeddable":true,"href":"https:\/\/tlc.futuretouch.it\/index.php?rest_route=%2Fwp%2Fv2%2Fcomments&post=516"}],"version-history":[{"count":8,"href":"https:\/\/tlc.futuretouch.it\/index.php?rest_route=\/wp\/v2\/pages\/516\/revisions"}],"predecessor-version":[{"id":546,"href":"https:\/\/tlc.futuretouch.it\/index.php?rest_route=\/wp\/v2\/pages\/516\/revisions\/546"}],"wp:attachment":[{"href":"https:\/\/tlc.futuretouch.it\/index.php?rest_route=%2Fwp%2Fv2%2Fmedia&parent=516"}],"curies":[{"name":"wp","href":"https:\/\/api.w.org\/{rel}","templated":true}]}}